mmon factor of y and 24?
24
Suppose 420 = -5*z + 7*z + 5*g, -3*z + 596 = -g. Calculate the greatest common factor of z and 16.
8
Let j = -9 + 13. Let f be (-1)/4 - 3/(-12). Let d be 0 + (2 - f)*6. What is the greatest common factor of j and d?
4
Suppose -3*l = -3*b - 2 - 4, -2*b - 9 = -3*l. Let o be (-15)/3 + (1 - 1). Let x(f) = -7*f - 10. Let w be x(o). Calculate the highest common factor of l and w.
5
Let f be ((-5)/2)/((-8)/64). What is the highest common divisor of f and 380?
20
Suppose -h - 4*b = -29, -49*h + 52*h - 3*b - 102 = 0. What is the greatest common divisor of 1056 and h?
33
Let l(m) = m**3 - 8*m**2 + 4*m - 5. Let v be l(9). Suppose 5*h + 0*h = 3*o + 73, -4*h + 57 = -o. What is the greatest common factor of v and h?
14
Suppose -6*n + 84 - 42 = 0. Suppose l - 4*u = 74, -2*l + n*l - 5*u = 295. What is the greatest common divisor of 45 and l?
9
Let t(n) = n + 3. Let k(b) = b + 3. Let c(d) = -4*k(d) + 3*t(d). Let q be c(5). Let w be (-350)/q + (-23)/(-92). Calculate the highest common factor of 4 and w.
4
Suppose -s + 5*s + 67 = -5*b, -3*s + b = 36. Let m be (1/(-3))/(6/(-270)). Let n = s + m. Calculate the highest common divisor of 14 and n.
2
Let s be 434 - 1 - 560/80. What is the highest common factor of s and 6?
6
Let d = 45 - -45. Let c = d + -82. What is the greatest common factor of 2 and c?
2
Let i(p) = -p**3 - 6*p**2 - 8*p - 51. Let w be i(-10). What is the highest common divisor of 195 and w?
39
Let v(u) = 7*u**2 - 35*u + 7. Let o be v(5). Calculate the greatest common factor of 224 and o.
7
Let l(a) = -a**2 + 11*a - 8. Suppose h + h - 8 = 0, -2*j + h = -12. Let q be l(j). Calculate the highest common factor of 176 and q.
16
Suppose -3*p + 2*m + 4492 = 0, -3*m = -p - 2*m + 1498. What is the greatest common factor of p and 33?
11
Let u be (-129)/(-2) + 1/(-2). Suppose -2 + 7 = q. Suppose -20 = -q*a + 20. Calculate the greatest common factor of u and a.
8
Suppose 2*c + 4 = 0, -4*u + 6*c = 2*c - 48. Calculate the highest common divisor of 100 and u.
10
Let u(q) be the first derivative of -2*q**3/3 - 11*q**2/2 + 8*q + 8. Let b be u(-6). What is the highest common divisor of b and 18?
2
Let r be 9 - -2 - ((3 - 3) + -1). Calculate the highest common factor of r and 1164.
12
Suppose -4*q + 123 = p, 4*p - 466 = q - 4*q. Let u be -5*(3 + (-26)/5). Suppose 4*m = u*m - 161. Calculate the highest common divisor of m and p.
23
Suppose 0 = 4*i + 4*d - 136, -i + 0*d + 19 = -2*d. Suppose -3*n = -s - 2 + 21, -2*s + i = -3*n. Calculate the greatest common factor of 2 and s.
2
Let c be (2 + -2 - -26) + (-10 - -11). What is the greatest common divisor of 54 and c?
27
Let d(z) = -20*z + 71. Let g be d(3). What is the greatest common factor of g and 341?
11
Let l be -10 - -14 - (1 - -6) - -564. What is the highest common divisor of l and 66?
33
Let h(y) = y + 1. Let p be h(6). Let i be 8/1*77/22. Calculate the greatest common factor of i and p.
7
Suppose -4*f - 5*c - 28 = -5*f, 5*c + 52 = 4*f. Suppose -4*l + f*l - 20 = 0. What is the greatest common factor of l and 25?
5
Suppose 38*x + x - 5460 = 0. Calculate the greatest common factor of 20 and x.
20
Suppose -5*l = -69 + 9. Calculate the greatest common factor of 213 and l.
3
Let b(n) = n**2 + 13*n + 22. Let g be b(-11). Suppose h + 2*r - 36 = -g*h, -3*h + 112 = 4*r. Calculate the greatest common divisor of h and 16.
8
Suppose -222 = 2*t - 2*a, t + 5*a + 106 = a. Let d = t + 137. Calculate the highest common divisor of d and 108.
27
Suppose 0 = -k + 5 + 10. Let o = k - -2. Let r be 348/20 - 4/10. Calculate the greatest common divisor of r and o.
17
Suppose 17*x - 13*x = 52. Let k(n) = -n**3 + 10*n**2 - 4*n + 2. Let o be k(9). Let a = o - -44. Calculate the highest common factor of x and a.
13
Suppose 6*y - 2*v = 652, -3*v + 548 = -y + 6*y. Calculate the greatest common divisor of y and 109.
109
Let a be ((-66)/10)/((-2)/90). Suppose 10*g - 7*g - a = 0. Calculate the greatest common divisor of 11 and g.
11
Let w be ((-1)/(-2))/((-5)/(-40)). Suppose -w - 26 = -3*y. Let t be ((-75)/6)/((-1)/2). What is the highest common factor of t and y?
5
Let o(y) = y + 4. Suppose 6*q = 3*q. Let d be o(q). Suppose -3*b + d*b = 18. What is the greatest common factor of 54 and b?
18
Let n be (-20 - -2)/((-4 - -3) + -1). Suppose -4*o = -z + 18 + 19, 3*z - 3*o - 129 = 0. What is the highest common factor of z and n?
9
Let d = -389 - -759. Calculate the highest common factor of 20 and d.
10
Suppose 77*i + 4640 = 82*i. Calculate the highest common divisor of 58 and i.
58
Suppose 11*y + 50 = 501. Let o = y + -27. What is the greatest common factor of 154 and o?
14
Let d be 15/(-3) - (9 - 79). What is the highest common factor of d and 26?
13
Suppose -3*z - 2*l - 1 = 0, z - 2*z = -l + 7. Let h be (-2 - (-21)/4)*4. Let p = h - z. Calculate the highest common divisor of p and 176.
16
Let f(h) = -4*h + 48. Let d be f(0). Calculate the highest common divisor of d and 6.
6
Let r be (-1)/((2/(-66))/((-4)/(-12))). Suppose -r*y = -18*y + 84. Calculate the highest common divisor of y and 48.
12
Let u = -1764 - -1771. Calculate the highest common factor of u and 1470.
7
Let o be (-1080)/(-21) - 4/(28/3). Calculate the greatest common factor of o and 1377.
51
Suppose 2*p = f + 29, -82*p - 5*f = -87*p + 85. Calculate the highest common factor of 108 and p.
12
Let w be 3/(0 - (-6)/44). Let z = -17 + w. What is the highest common divisor of z and 2?
1
Let y be (-5 - -3 - 1) + (1 - -6). Suppose -3*s + 109 = -n, -48 = -y*s + 3*s - 2*n. Calculate the highest common factor of s and 57.
19
Suppose -3*f + 111 = 3*u + 2*f, -f = -5*u + 157. What is the greatest common divisor of 1 and u?
1
Suppose 0 = -0*r + 2*r + 5*i - 149, -268 = -4*r - 4*i. Let o = 63 - r. Calculate the greatest common factor of 8 and o.
1
Suppose -104 = -43*t + 17*t. Suppose 0 = 3*c - 5*y - 141, 4*y - 1 = 11. Calculate the highest common factor of c and t.
4
Let r = -223 + 231. Suppose -2 = -2*l + 2. Suppose l*f + 128 = 6*f. What is the greatest common divisor of f and r?
8
Let y(u) = -97*u - 1. Let s be y(-1). Let k be (3 + 10/(-3))*(-9 + -2 - 61). Calculate the highest common divisor of s and k.
24
Let v(w) = -9*w - 6. Let a be v(-4). Suppose 3*n = 4*n - 2. Suppose 0 = -4*m + 2*c - 4 + 34, 21 = n*m - 3*c. Calculate the greatest common factor of a and m.
6
Let u(d) be the second derivative of -d**3/6 + 2*d**2 - 5*d. Let f be u(-3). What is the greatest common factor of 84 and f?
7
Suppose -511 = 5*c - 3*h - 2073, -h = c - 306. Suppose 3*b + f + 44 = 139, -4*f + 163 = 5*b. Calculate the greatest common divisor of b and c.
31
Suppose -14 = -k - i, 10*k - 84 = 6*k + 3*i. Calculate the greatest common factor of k and 66.
6
Suppose 0 = -65*r + 3436 + 2739. What is the highest common divisor of r and 3800?
95
Let k = 53 - 6. Let f be 1*(-2 + 3) + 32. Suppose -4*r = -f - k. Calculate the greatest common divisor of 10 and r.
10
Let w be (-66)/(-121) + 7380/22. What is the highest common divisor of w and 42?
42
Let u be 4 - (-3 - -3 - -2 - 2). Suppose 0 = -u*n + 9*n - 135. What is the highest common divisor of n and 54?
27
Let a be 1316/10 + (-4)/(-10). Suppose 3*y - 7*y + a = 0. Let w = 63 - y. Calculate the greatest common divisor of 15 and w.
15
Suppose 13 = -2*h + 23. Suppose -2*w - 14 = -g + 6, -h*g = 4*w - 58. Suppose y - 2*s + 7*s = 9, 2*y - 4*s = 32. What is the highest common factor of g and y?
14
Suppose 35*g - 230 = 25*g. Let c = -16 + 39. Calculate the greatest common factor of g and c.
23
Let f be (-2*10266/12)/((-4)/4). Calculate the greatest common factor of f and 59.
59
Let b be (6/(-8))/(3/(-96)). Suppose 2*y + 18 = 3*n, 7*n = 9*n - 3*y - 12. What is the highest common divisor of b and n?
6
Suppose 0 = -5*z + 5*v + 890, -2*z + z - 5*v = -202. What is the greatest common divisor of z and 14?
14
Let r(g) = -2*g - 20. Let l be r(-11). Suppose -l*t + n + 28 = -0*n, 0 = -3*t + 4*n + 52. What is the highest common factor of t and 48?
12
Let c = -10 - -19. Suppose 4*i - 2*v + 3 = c, -2*i - 3*v + 7 = 0. Let x = -31 + 47. What is the greatest common divisor of x and i?
2
Let o(t) = t**3 + 14*t**2 - 2*t - 9. Let y be o(-14). Suppose -17*q - 20 = -y*q. What is the highest common factor of 80 and q?
10
Let n be (-2)/8*0 + 0. Suppose n*m - x + 3 = m, 14 = 4*m + 2*x. Le